e -g = -10*t - 1341. What is the units digit of t?
3
What is the thousands digit of 9/(-99) - (-3 + (-1491672)/66)?
2
Suppose -19*v - 38*v + 187701 = 0. What is the units digit of v?
3
Let m be 24/(-84) + 8/28. Suppose -4*f - 3 = -11, -l - 2*f + 761 = m. What is the tens digit of l?
5
What is the thousands digit of (12/42)/(3/3) + 657517/49?
3
Let j = 71 + -67. Suppose -14 = -j*s + 82. Let a = 18 + s. What is the tens digit of a?
4
What is the units digit of (-7)/(147/6) + (-3381704)/(-1043)?
2
Suppose -198 = 2*j - 732. Let m(i) = -30*i + 31. Let l be m(7). Let a = j + l. What is the tens digit of a?
8
Suppose 14 = 3*j - p, 0 = -2*j + 3*p - 6*p - 9. Suppose -704 = -2*l - 2*r, -j*r = 2*l + 101 - 802. What is the tens digit of l?
5
Let q = 320 + -316. Suppose 5*c - 9*c = 2*a - 2906, 0 = -5*c + q*a + 3600. What is the units digit of c?
4
Let c be (1*-1)/(((-210)/(-28))/(-15)). Suppose -5*l - 3882 = -4*v - 4*l, c*v = 4*l + 1948. What is the units digit of v?
0
Suppose -11357 + 29337 = 29*v. What is the hundreds digit of v?
6
Let j(i) = -19*i**2 - 10*i - 20. Let p(l) = -38*l**2 - 19*l - 40. Let g(n) = 11*j(n) - 6*p(n). What is the units digit of g(-6)?
0
What is the thousands digit of ((-9217)/(-26))/(6/66) + 1/(-2)?
3
Suppose -16 = -3*l - 1. Suppose 3*f = l*s + 58 + 42, 2*f - 2*s = 68. Let q = f - -12. What is the units digit of q?
7
Suppose 4*u - 17681 = -3*t + 3460, -2*t - 4*u + 14090 = 0. What is the units digit of t?
1
Let v = 509 - 517. What is the units digit of (10/v)/(161/168 + -1)?
0
Let i(b) = 5*b**3 + 6*b**2 - 30*b + 315. What is the tens digit of i(14)?
9
Suppose 0 = 3*x - 5*k + 250, 24 = 2*x + 2*k + 180. Let j = 105 + x. Suppose -71 = -3*b + j. What is the units digit of b?
2
What is the hundreds digit of 16785 - 8/(-3)*5*24/(-80)?
7
Suppose u - 2*k = -14068, u - 3177 = -3*k - 17245. What is the units digit of u/(-15) - (-50)/375?
8
What is the tens digit of 109318*13*23/598?
5
Let h(z) = -10*z + 45. Let u(k) = k - 5. Let t(p) = 4*h(p) + 35*u(p). Suppose -s + 5*s - 12 = 4*d, -4*d - s - 37 = 0. What is the units digit of t(d)?
5
Let a be ((-32)/(-12))/(-8)*9. What is the tens digit of 826 + (-2 - (a - -4))?
2
Let o = 874 - 878. What is the hundreds digit of ((-2)/(-4))/1 - 3538/o?
8
Let u(d) = -d - 24. Let g be u(-9). Let z(w) = w**2 + 18*w + 55. What is the units digit of z(g)?
0
Let q(j) = j**2 - 12*j + 14. Let y(n) = n - 1. Let k(w) = q(w) + y(w). What is the units digit of k(15)?
3
Suppose -13*q + 4*g = -8*q + 37, -3*g = 5*q + 16. What is the units digit of -546*(-38)/20 + 2/q?
7
What is the hundreds digit of 1/15 + 117150988/3180?
8
Let y(o) be the first derivative of o**4/12 - o**3/6 - 9*o**2/2 + o - 5. Let z(h) be the first derivative of y(h). What is the tens digit of z(-9)?
8
Let q(v) = 86*v**2 - 63*v - 239. What is the tens digit of q(-9)?
9
Let p(o) = -o**3 + 3*o**2 + 5*o - 4. Let i be p(4). Suppose -c + 4*x = -74 - 75, -2*c - 3*x + 320 = i. Let h = c + -88. What is the tens digit of h?
6
Let b(j) = 68*j**2 + 8*j + 18. What is the tens digit of b(12)?
0
Let q be 4 - (4 + -2 + 0). Let a(x) = -x**3 + x**2 + 4*x - 2. Let h be a(q). Suppose -h*b = -6*b - 2*u + 500, 2*b - 3*u = 234. What is the hundreds digit of b?
1
Suppose 6*t - 16*t + 50 = 0. What is the units digit of (14 - -2)*t/((-20)/(-18))?
2
Let u(q) = q**3 - 13*q**2 + 9*q + 22. Let l(p) = -7*p - 2. Let k be l(-2). Let z be u(k). What is the units digit of (-3)/(-21) - 1076/z?
7
Suppose 3*u - 419 - 430 = 3*l, 0 = -2*l - 3*u - 541. Let z = -110 - l. Suppose v - 281 = -v + 5*a, -v = 3*a - z. What is the units digit of v?
3
Let g be (-2 + (-10)/(-6))*0 - -2. Suppose -4*l = -d - 1371, -g + 12 = 2*d. Suppose -44 + l = 5*z. What is the units digit of z?
0
Let d(s) = -s**3 - 3*s**2 - 7*s - 14. Let o(j) = 3*j**2 + 6*j + 14. Let y(g) = -2*d(g) - 3*o(g). Let z be y(7). What is the hundreds digit of 18/30 + z/5?
1
Let h be 2/(-13) + 80/13. Let b(k) = -2*k**3 + 12*k**2 + k - 8. Let g be b(h). Let c(y) = -94*y - 8. What is the hundreds digit of c(g)?
1
Suppose -16*q - q + 34 = 0. Suppose 0 = q*t - 3*m + 5*m, -4*m = 5*t. Suppose 0 = 2*r + 2*c - 478, -r + t*c + 233 = 3*c. What is the units digit of r?
2
Let r(z) = -12795*z - 22519. What is the tens digit of r(-8)?
4
Let n = 10 - 10. Let o(d) = 297*d - 1. Let a be o(1). Suppose n = -6*k + 2*k + a. What is the units digit of k?
4
What is the units digit of -3 + -5*((-243726)/(-30))/(-7)?
0
What is the ten thousands digit of 235737/7 - 166/(-581)?
3
Let o(f) = f**3 - 22*f**2 + 204*f - 100. What is the ten thousands digit of o(34)?
2
Suppose -g + 434 = -51. Let k be 4/(-18) - (g/45 + -4). What is the units digit of (k/2 + 3)*-68?
4
Let g(d) = 15*d + 18. Let h = 89 + -65. What is the hundreds digit of g(h)?
3
Let o = 26 + -24. Suppose o*r = 293 + 25. What is the tens digit of r?
5
Let t = 12 + -10. Let w = 1142 + -278. Suppose -2*h + 5*d + 576 = 0, t*d - 6*d + w = 3*h. What is the units digit of h?
8
Suppose 9*l + 13 = m + 4*l, 0 = -3*l - 6. Suppose -m*a = a - 8. What is the units digit of a*(130/4)/5?
3
Let c(i) = 11*i - 13. Let o be c(4). Suppose 0 = y - 4*z + 21, -29 - o = 5*y - 5*z. Let t(b) = -b**3 - 8*b**2 - 7*b - 2. What is the tens digit of t(y)?
4
Let f be -45*(-7)/(105/230). Let n = f - 194. What is the tens digit of n?
9
Let y(k) = 5*k**2 + 12*k - 89. Suppose 119*c - 123*c + 7 = -v, -c + 57 = 4*v. What is the hundreds digit of y(v)?
9
Suppose 11952 = -47*b + 31*b. Let a = -13 - b. What is the hundreds digit of a?
7
Let i(f) = 3*f**3 - 5*f**2 + 3*f + 1. Let h be i(1). Suppose -5*m + 3*j + 5224 = 0, -h*j + 1 + 3 = 0. What is the units digit of m?
6
Let s be (-81)/(-10) + 43/(-430). Suppose -245 = -s*x + 3571. What is the units digit of x?
7
Let r = -35897 + 65913. What is the thousands digit of r?
0
Let g = 157 + -65. Suppose -g*b + 90*b = -206. What is the tens digit of -4 + (-5 - b)/(-3)?
3
Let x(j) = 67*j**2 + 57*j - 59. What is the units digit of x(1)?
5
Let m(i) = 4*i - 7. Let l be m(2). Suppose -25 = -5*n, -5*n - l + 10 = -2*z. What is the tens digit of (z + -4)*(19 - 0)?
7
Let q be -121 - -8 - (4 + 0). Let w be ((-8)/24)/(3/q). Suppose m + 41 = 5*u, m = 2*u - w - 4. What is the units digit of u?
8
Let b(w) = -2*w**3 - 19*w**2 - 30*w - 709. What is the hundreds digit of b(-20)?
2
Let x(c) = 3*c**3 - 28*c**2 + 51*c + 103. What is the thousands digit of x(26)?
5
Let y be 3660/(-40)*(-16)/2. Suppose -r = 1 + 2, -3*s - 4*r + y = 0. What is the hundreds digit of s?
2
Let g be 10/(226/74 - 3). Let f = 100 - g. Let i = f - -185. What is the hundreds digit of i?
1
Let v(o) = 977*o**2 - 545*o - 3309. What is the thousands digit of v(-6)?
5
Let n(t) = -825*t - 4049. What is the tens digit of n(-8)?
5
Suppose -3*k - 4464 = -6*k. Suppose -312 = -10*s + k. Suppose 0*g + s = g. What is the hundreds digit of g?
1
Let t(k) = 154*k**2 + 26*k + 194. What is the thousands digit of t(-4)?
2
Suppose -107*u + 105*u = -12. Suppose u*c = 2955 + 69. What is the units digit of c?
4
Let k(p) = -2*p. Let v(g) = -87*g - 191. Let o(j) = -5*k(j) - v(j). What is the hundreds digit of o(14)?
5
Let d(m) = -m**3 - 12*m**2 + 4*m + 5. Let o be d(-6). Let z be 1/9 + o/9. What is the tens digit of (32 + z)/(25/22 + -1)?
4
Let w(h) = h**2 + h + 6. Suppose t - 22 = -2*t + r, 0 = -3*t - 5*r + 34. Let c be w(t). What is the hundreds digit of (-335)/(-2) - (c/12 + -7)?
1
Let u be 1*((-3 - -4) + -2)*5. What is the hundreds digit of 3088/5 - 5 - 2/u?
6
Suppose -11*j + 199 + 857 = 0. Suppose 4*c - 3*b = -199, -2*b = 3*c + j + 49. What is the tens digit of (-163)/(-7) + 14/c?
2
Let t(g) = -g**2 + 9*g + 20. Suppose 52 = 4*u + 4*m - 2*m, -2*u - 4*m + 14 = 0. Let p be t(u). Let j = 10 - p. What is the tens digit of j?
8
Suppose 13*d + 2 - 2 = 0. Suppose 3*u - 40 = -2*u + 4*r, -4*u - 5*r + 73 = d. What is the tens digit of (-1)/((u/(-4))/(-12)) + 185?
8
Suppose -67784 + 21906 = -z + 3*d, 2 = d. What is the ten thousands digit of z?
4
What is the tens digit of 10/(-30)*-32268*1 - -1?
5
Suppose -v + 9 = 4*c, 2*v - 4*v + 4*c = -6. Suppose v*k = -39 + 619. Let j = 228 - k. What is the units digit of j?
2
Suppose 0 = 51*z - 36*z - 8235. Let y be 21/(3/(-150)*-3). Let h = z - y. What is the hundreds digit of h?
1
Suppose 3*s - 240 = 3*y, 12*y + 350 = 4*s + 14*y. Let u = s - -52